 5*n - n + 395 = 3*u, -275 = -2*u + 5*n. Let o = -64 + u. What are the prime factors of o?
61
Suppose -24 = -7*l + 5*l. Suppose f = -q + 3, -4*f - f + l = 2*q. Let z(a) = 21*a + 1. What are the prime factors of z(q)?
2, 11
Let y be (-12)/(-10)*(-65)/(-26). Suppose 7*z - 2*z - b = 462, z + y*b = 86. What are the prime factors of z?
2, 23
Let h = -60 - -264. What are the prime factors of h?
2, 3, 17
Suppose 5*s - 180 + 1540 = 0. Let g = 383 + s. What are the prime factors of g?
3, 37
Let o be (-1)/(85/58 + 12/(-8)). Let i be 6/(-21) + 184/7. Let f = o - i. What are the prime factors of f?
3
Suppose -7*t - 185 + 381 = 0. What are the prime factors of t?
2, 7
Suppose f - 33 = s + 6*f, -2*s = -5*f + 81. Let q(d) = 18*d - 6. Let y be q(-3). Let p = s - y. List the prime factors of p.
2, 11
Let t be ((-2)/2)/((-12)/(-396)). Let z = t + 35. Suppose -z*a + 88 = 3*w + 2*w, -a + w = -58. List the prime factors of a.
2, 3
Suppose -1314 + 10722 = 12*b. What are the prime factors of b?
2, 7
Let y(z) = -25*z - 4. Suppose 46*l - 39*l + 56 = 0. List the prime factors of y(l).
2, 7
Let q(i) = i**2 + 5*i + 3. Let h be q(-6). Let n = 44 - h. What are the prime factors of 1869/n - (-6)/10?
2, 3
List the prime factors of ((-182)/(-39))/((-2)/(-1023)).
7, 11, 31
Let v(f) = f + 40. Let n(w) = w**3 - 7*w**2 + 7*w - 6. Suppose -6 = -2*z + 6. Let g be n(z). List the prime factors of v(g).
2, 5
Suppose 0 = -l + 3*k + 17, -2*l = -5*k - 20 - 15. Let w = l + -17. Let i(d) = d**2 + 2*d + 1. What are the prime factors of i(w)?
2
Suppose i + 4*i = 0. Suppose i = -2*o + 32 + 100. What are the prime factors of o?
2, 3, 11
Suppose -16*g + 14*g + 5*n + 2062 = 0, -g - 2*n = -1022. List the prime factors of g.
2, 3, 19
Let o(g) = -10*g + 3. Let x be 1*4*(-8 + 9). Let q be o(x). Let y = q - -62. List the prime factors of y.
5
Suppose 0 = -3*q - 5 - 199. List the prime factors of 3 - (4 + q + -4).
71
Let c(s) = -14*s**3 - 23*s**2 - 12*s - 12. What are the prime factors of c(-6)?
2, 3, 47
Let k = -515 - -1019. What are the prime factors of k?
2, 3, 7
Suppose 153 = 3*c + 132. Let p(l) = l**2 + 4*l - 4. What are the prime factors of p(c)?
73
Suppose 2*v = -40 + 16. Let y be (v/14)/((-11)/77). Suppose -y*h + h = -30. What are the prime factors of h?
2, 3
Let w = 18 - 12. Let g be 28/w - 10/15. Suppose -g*n + 172 = 5*d, 3*d + 34 = 4*d + n. What are the prime factors of d?
2, 3
Let o = 20 - -5. Let u = o + 36. What are the prime factors of u?
61
Let r = -34 + 31. What are the prime factors of 460/(-15)*r/2?
2, 23
Let q(r) = r**3 + 10*r**2 + 9*r + 7. Let u be q(-9). Suppose 6*x - 7*x = u. What are the prime factors of (0 + -2)*x/1?
2, 7
Let c(t) = -t**3 - 11*t**2 - t - 14. Let v be c(-11). Let s(x) = -3*x - 12. Let m be s(-8). What are the prime factors of m/v + (0 - -50)?
2, 23
Let o(a) = 2*a**2 - 2*a - 2. Let h be o(2). Suppose -h*g = g. Suppose 3*w - 65 + 14 = g. What are the prime factors of w?
17
Suppose -6*x + 9*x = 12. Suppose -a - 2 = -0, -3*p + x*a = -71. List the prime factors of p.
3, 7
Suppose 0 = 4*a - 416 - 312. Let d = a - 72. List the prime factors of 1/((4/2)/d).
5, 11
Suppose -3*x - 14 = -11. List the prime factors of x*4 - (-210)/6.
31
Suppose -4*t = -5*t + 92. Suppose t = 2*l - 40. What are the prime factors of l?
2, 3, 11
Suppose y - 360 = -3*o - y, 5*o + 3*y - 600 = 0. Suppose 5*n - o = -0*n. List the prime factors of n.
2, 3
Let w = -125 + 236. Let k = w + -20. List the prime factors of k.
7, 13
What are the prime factors of ((-6)/16)/(18/91224)*-2?
3, 7, 181
Suppose 0 = -4*d - 53 - 195. Let g = d - -136. List the prime factors of g.
2, 37
Suppose 0 = -p - t - t - 1, 2*p - 5*t + 20 = 0. Let r(x) be the third derivative of -x**4/8 + x**3/3 - 18*x**2. List the prime factors of r(p).
17
Let z = 211 + -124. Suppose 3*w + p = z, -2*w + 47 = -0*w - 3*p. What are the prime factors of w?
2, 7
Suppose -a = -0*a - 30. List the prime factors of 40/a - 340/(-6).
2, 29
Let v(t) = -2*t**3 - 2*t**2 - 4*t - 2. Let b be v(-1). List the prime factors of (-9)/6 - (-47)/b.
2, 11
Let b be ((-64)/12)/((-4)/(-12)). What are the prime factors of 1*(3 - (-4)/(b/(-676)))?
2, 43
Suppose -2*c = 4*r - 1588, 1044 = 2*r - 5*c + 262. What are the prime factors of r?
2, 3, 11
Let g(h) = 2*h**2 - 5*h + 33. What are the prime factors of g(-6)?
3, 5
Let r(d) = d**3 - 13*d. Let f = -36 + 42. List the prime factors of r(f).
2, 3, 23
Suppose 12*m - 8*m = -12. List the prime factors of ((-190)/m)/(20/30).
5, 19
Let u(t) = -t**2 - 8*t - 7. Let s be u(-6). Suppose 0 = -k + 121 - s. Suppose 0 = -3*f + 7*f - k. What are the prime factors of f?
29
Let v(h) = 10*h + 4. Let y be v(5). Suppose -2*q = -q - 4*w - y, 3*w = -2*q + 97. Suppose 2*d - q = -8. List the prime factors of d.
3, 7
List the prime factors of (180/8 + 1)/((-1)/(-2)).
47
Suppose 4*j + 2*m + 70 - 2636 = 0, 1907 = 3*j + 5*m. What are the prime factors of j?
2, 7, 23
Let w(v) = v**2 - 8*v**2 + 7*v - 4*v**3 - 5*v**3 + 10 + 10*v**3. List the prime factors of w(7).
59
Let t(j) = -j**3 + 11*j**2 - 14*j + 2. Let d be t(10). Let z = d + 131. Suppose 4*w = -b + z, -2*w - 2*b + 44 - 2 = 0. List the prime factors of w.
2, 3
Let z(n) = -2*n**2 - 5*n + 29. Let t be z(-7). List the prime factors of 425/t*((-96)/5)/3.
2, 5
Let z(l) = -l + 3. Let v be z(3). Suppose -4 = -2*d + 3*n - n, v = 3*n - 9. Suppose 0 = -k - d + 14. What are the prime factors of k?
3
Let x(n) = n**2 - 10*n - 3. Let c be x(7). What are the prime factors of ((-69)/(-2))/(c/(-16))?
23
Suppose 3*s = z - 1719, 4*z + 910 - 7807 = 5*s. Suppose 2*f + 10*f = z. List the prime factors of f.
2, 3
Let i = 76 - 81. What are the prime factors of (-980)/(-25) + i - (-1)/(-5)?
2, 17
Suppose 0 = -4*d - 3*m + 12419, 3*m + 6205 = -20*d + 22*d. List the prime factors of d.
2, 97
Suppose 0 = -2*q + 18*q. Suppose -5*z + 78 + 112 = q. List the prime factors of z.
2, 19
Let j = -11 + -4. Let b = j + 20. Suppose -123 = -b*q + 47. List the prime factors of q.
2, 17
Suppose -2*x + 53 = 13. Suppose 0 = -6*a + 322 + x. What are the prime factors of a?
3, 19
Suppose 3*g = 3*z - 15, 5*z - 2*z = -4*g + 15. Suppose -9 = -z*r + 1. Let n(s) = 2*s**2 + s. What are the prime factors of n(r)?
2, 5
Suppose -7*a + 11 = i - 4*a, -2*a = 4*i - 24. Suppose -2*t - i*w + 256 + 45 = 0, 5*t - w - 739 = 0. What are the prime factors of t?
2, 37
Suppose 3*t - 6920 = 4*q, -2308 = -t - 4*q + 5*q. List the prime factors of t.
2, 17
Let j = -25 + 50. Let h = -7 + j. Suppose -h - 27 = -5*b. List the prime factors of b.
3
Suppose -4*m - 16 = 0, -4*m + 1 = 2*u - 1. Suppose 0 = -0*x - u*x + 522. What are the prime factors of x?
2, 29
Suppose -7*n + 3078 + 11832 = 0. List the prime factors of n.
2, 3, 5, 71
Let l = 42 + 488. List the prime factors of l.
2, 5, 53
Suppose -84 = 2*t + 168. Let j = t - -71. List the prime factors of (-2)/2 - (j - 0).
2, 3
Let j(d) = -d**3 + 13*d**2 + 7*d - 27. What are the prime factors of j(9)?
2, 3, 5
Suppose -5*u - 1 = -4*g, -1 = 3*u - 3*g + 2. List the prime factors of u - (4 - -9)*-4.
5, 11
Let n = 22 - 19. Suppose z = 1 - 3, z = -y + n. Suppose y*a + t = 267, t + 210 = 3*a + a. What are the prime factors of a?
53
Let t(x) be the first derivative of x**4/4 + x**3/3 - 5*x**2/2 + 5*x - 7. What are the prime factors of t(4)?
5, 13
Suppose j + 3*t - 68 = -0*t, -69 = -j - 2*t. Suppose -c - c + g + 72 = 0, 56 = 2*c - 5*g. Let y = j - c. List the prime factors of y.
3, 11
Let w(u) = -u**3 - 47*u**2 - 72*u - 157. What are the prime factors of w(-46)?
1039
Let b be 3/(9/12) + 2. Suppose -4*y + 2*y + b = 0. Suppose 3*x - 4*n - 188 = 0, -55 = -y*x - 2*n + 103. What are the prime factors of x?
2, 7
Suppose -10*f + 7*f - 829 = -o, 4065 = 5*o + f. List the prime factors of o.
2, 11, 37
Let m(v) = -v**3 - 5*v**2 - 5*v + 4. Let b = -38 + 33. What are the prime factors of m(b)?
29
What are the prime factors of 167 + 0 + -6*5/15?
3, 5, 11
Suppose -65 - 1 = -3*f. Let h = 30 + f. What are the prime factors of h?
2, 13
Let v(y) = -8*y + 2. Suppose -6 = t - 5*x, -x + 2 = x. Let k(m) = m - 1. Let f(c) = t*v(c) - 5*k(c). What are the prime factors of f(3)?
2, 3
Let q = -208 - -703. What are the prime factors of q?
3, 5, 11
Let u(g) = -4*g - 2. Suppose -r = -6*r - 3*t - 47, 2*t + 43 = -5*r. Let b be u(r). Suppose 2 = -z + b. What are 